 -9 - 4/(-8)*6. What is a(x)?
1
Let s = 357 - 342. Suppose -6*d = -4*d - 5*b + 13, 5*b = -5*d - s. Let i(a) = a**2 + 3*a - 6. Calculate i(d).
-2
Let d(k) be the first derivative of -9*k**4/2 + k**3/3 + 2. Suppose 122 = -6*u + 15*u + 113. Give d(u).
-17
Let j(q) be the second derivative of q**7/280 + 11*q**4/12 + 2*q. Let l(p) be the third derivative of j(p). Let s = 59 - 60. What is l(s)?
9
Let s(a) = -11*a + 65. Let i be s(7). Let y be (i/8 - -4)/((-6)/12). Let g(k) = -k**2 - 11*k - 3. Give g(y).
27
Let l = 10 - 8. Let f(x) = 90 - 2*x + 85 - 175 - x**l. Let j = -2 - -4. Determine f(j).
-8
Let g(b) = b**2 - 6*b + 1. Suppose 4*f = -5*w - 693 + 714, -36 = -3*f + 3*w. What is g(f)?
28
Let l(o) = -o**2 - 10*o - 7. Suppose -55 = -3*y + 3*a + 59, -2 = 2*a. Suppose 45 = -5*j + 5*d, 5*j - d + 8 = -y. Let q = j + 1. Determine l(q).
9
Suppose -11*d = -38 - 72. Let s(v) = 140*v + 9 - 127*v - d. What is s(2)?
25
Let u(i) = -i - 7. Let f(t) = -2*t**2 + 20*t + 14. Let x be f(11). Calculate u(x).
1
Let d(n) = -n**2 + 10*n - 9. Suppose -4*k + 42 = -2*i, -3*i - 25 = -2*k + 2. Give d(k).
0
Let x(k) be the second derivative of 3*k**2 - 1/12*k**4 - 2*k**3 - 3 + 26*k. What is x(-12)?
6
Suppose -4*n - 4*g - 8 - 4 = 0, 3*n = g + 11. Let c(m) = 37*m - 2*m**3 + 3 + 40*m - 79*m - 6 + 1 + 4*m**2. What is c(n)?
-6
Let r(t) = -t**2 - 16*t + 10. Suppose 4*b - 4 + 41 = 5*x, 19 = -3*b + 5*x. What is r(b)?
-26
Let g(u) = u**3 - 6*u**2 + 5*u + 7. Let l be -9 - (4 + 5 + -17). Let w(v) = -v**2 - 6*v - 1. Let m be w(-8). Let t be m - -15 - ((1 - l) + -9). Calculate g(t).
7
Suppose 46*m - 51*m + 30 = 0. Let d(g) = 2*g + 0*g + 5 + 3 - 5 + 1. Give d(m).
16
Suppose q - 6*q = 5*k - 15, -3*q = -5*k - 33. Suppose -221*s - 24 = -229*s. Let d(w) = -1 - s*w**2 + 3 + 5*w + 2*w**2 + 0*w**2. Give d(q).
-4
Suppose 30*b + 645 = 35*b. Let f(o) = 15*o - b - 19*o + 112. Calculate f(-4).
-1
Let l(v) be the first derivative of -v**2/2 - 29*v - 19. Suppose -5*b = y - 24, 8*b - 5*b - 5*y + 8 = 0. Let i be 4/(-14) - b/(-14). Calculate l(i).
-29
Suppose 3*f + c = 11, -4*f = 4*c - 2*c - 14. Let d(x) = 3*x + 17. Let n be d(-4). Suppose -46 = n*l + f. Let o(v) = v**3 + 10*v**2 - v - 6. What is o(l)?
4
Let w(v) be the second derivative of 4*v**3/3 + 25*v**2/2 - 2*v - 722. What is w(-3)?
1
Let u(r) = 9*r**3 - 10*r**2 + 9*r + 28. Let z(y) = 4*y**3 - 5*y**2 + 4*y + 13. Let h(k) = -6*u(k) + 13*z(k). Calculate h(-2).
1
Let d(r) = r**3 + r**2 - r. Let t(m) be the third derivative of m**6/60 + 2*m**5/15 - 7*m**4/24 + m**3/2 + 11*m**2 - m. Let c(y) = 3*d(y) - t(y). What is c(4)?
-3
Let n(f) = 1. Let i(u) = -328*u - 2 + 5 + 327*u - 5. Let k(j) = 3*i(j) + 4*n(j). Let b(a) = a**2 + 2*a - 21. Let m be b(-6). What is k(m)?
-11
Let v(h) = 4*h + 11. Suppose -2*c + 38 = -0*k + 2*k, 0 = -4*c + 20. Suppose 7 = 5*a - 3, 2*a = 2*u + k. Give v(u).
-9
Suppose 0 = d - 1 + 3. Let w be (-2)/d - (1 - -1). Let r(a) = -2 + 3 - 2 + 0 + 10*a. Determine r(w).
-11
Let z(j) be the second derivative of 3*j**4/4 + j**3/2 - 4*j**2 + 7*j. Let m(w) = 3*w**2 + w - 3. Let n(t) = 8*m(t) - 3*z(t). Calculate n(-1).
-2
Let t(y) = 145*y**3 + 142*y**3 - 433*y**3 - 6*y**2 + 6 + 145*y**3. Give t(-7).
55
Suppose -20*v = -59*v + 10959. Let y = v - 280. Let i(n) = 8*n**3 - n**2 + 3*n - 1. Calculate i(y).
9
Let i(p) be the first derivative of p**4/24 - p**3 - 19*p**2/2 + p + 71. Let b(h) be the second derivative of i(h). What is b(3)?
-3
Let u be (-70)/63 - (-290)/18. Let m(p) = -2*p + 26. Calculate m(u).
-4
Let f(o) = 8*o + 1. Let i be (1 - -3)*(-16)/(-16). Let w(m) = 6*m + 1. Let j(s) = i*f(s) - 5*w(s). Calculate j(6).
11
Let g(s) be the second derivative of 2*s**3/3 + 15*s**2 - 15*s. Let q be g(-7). Let u(f) = -2*f + 3*f**q + 9 - 4 - 10 - 2*f**2. Calculate u(4).
3
Let h(s) be the first derivative of -s**4/12 - s**3/3 + s**2 + 13*s + 49. Let c(z) be the first derivative of h(z). Calculate c(-3).
-1
Let b(f) = -2 - f**2 + 3 + f**3 - 3*f + f - 2. Suppose -25*w + 18*w + 14 = 0. Suppose -w*t - 38 = -36. Calculate b(t).
-1
Let y(j) be the third derivative of -j**4/24 - 5*j**3/6 - 1424*j**2. Let g = 2 + -7. Determine y(g).
0
Let f(g) = -10*g + 27. Let j be (1/(-3) + 29/(-3))*(-909)/3030. Calculate f(j).
-3
Let w(s) be the first derivative of -s**4/4 + 34*s**3/3 + 73*s**2/2 - 20*s - 7272. Give w(36).
16
Let s(y) = -9 - 12 - 2*y + 20. Let u be 2 + ((-8)/6)/(4/12). Calculate s(u).
3
Let c be -6*(-9)/7 - 8/(-28). Suppose -k + 3*z = 4, 0 = 5*k + 5*z - c*z + 20. Let o(q) = -q**3 - 6*q**2 - 6*q - 1. Calculate o(k).
-9
Let s(l) = -2*l**3 - 8*l**2 - 9*l - 7. Let w be s(-3). Let q(i) = -48 + 12*i + 0*i**2 + 44 + i**w. Give q(-11).
-15
Let c(a) = -31*a - 104. Let w be c(-4). Let b(o) = 2 + w*o**2 - 43*o**2 + 2 + 2*o + 25*o**2. Determine b(-2).
8
Let l(a) be the second derivative of -a**4/12 - a**3/3 - a**2 + 49*a + 1. Suppose 24 = -170*m + 176*m. Determine l(m).
-26
Let q(o) = -o. Let k = 59 - 57. Suppose -4*d = 3*x - 46, 16 + k = d + 4*x. Let h(n) = n**3 - 9*n**2 - 11*n + 6. Let t be h(d). Determine q(t).
4
Let b(n) = -9*n + 10. Let u(m) = -6*m. Let z(s) = -4*b(s) + 7*u(s). Determine z(-4).
-16
Let t(u) = -2*u**2 - 3*u + 3. Suppose -2446*p = -2440*p. Give t(p).
3
Let n(k) = -k**2 + k + 25. Let w = 4175 - 4181. Determine n(w).
-17
Suppose -1540*c - 26 = -1541*c. Let i(h) = c + 4*h**2 - 16*h - 20 + h**3 + 2*h**2. What is i(-8)?
6
Let i(g) = g**3 - 6*g**2 - 7*g. Let y = 30 - 24. What is i(y)?
-42
Let x = -292 - -301. Suppose -2*c + x = -5*c. Let v(g) = -6*g**2 - 2*g + 4. Calculate v(c).
-44
Suppose 3*i = 4*d - 134, -59 = 4*i - 2*d + 113. Let u = -33 - i. Let b(k) = u - 1 - 8 + 2*k. Determine b(2).
4
Let h(x) = 1. Let u(p) = -6*p + 19*p + 0*p - 10*p - 2*p. Let a(r) = -4*h(r) - u(r). Let y be (-2)/6*5*3. Calculate a(y).
1
Suppose -148 = 51*y + 53*y + 44*y. Let k(h) be the first derivative of h**4/2 - h**3/3 + 1. Calculate k(y).
-3
Let k(t) = t**2 - 6*t + 7. Suppose -4*w + 3 = -53. Let j = w + -50. Let v = j + 41. What is k(v)?
2
Let d(h) = -3*h - 1 + 2*h + 6. Let o = 59622 + -59619. Calculate d(o).
2
Let b(w) = -w**3 + 7*w**2 - 5*w - 13. Let r = 725 + -491. Suppose -27*v + r = 12*v. Give b(v).
-7
Suppose 0 - 2 = -4*i + 5*t, 2*t + 2 = i. Let b(a) = -3*a + 2 + 0 + 2*a**2 + 2. Let r(c) = -5*c**2 + 7*c - 9. Let k(y) = 7*b(y) + 3*r(y). What is k(i)?
-3
Suppose 101 = 6*f - 67. Suppose 2*x + f = -5*k - 1, -3*x = 6. Let w(o) = -o**2 - 6*o + 2. Give w(k).
7
Let k be (0 - -2)*4*2/8. Let y(g) = 4*g - 4*g**2 - 8*g**k + 10*g**2 - g**3. Suppose 31 = -4*n + 19. Determine y(n).
-3
Let z be -3*(-320)/105 + 6/(-42). Let i(a) = a**3 - 16*a**2 + 17*a - 7. Let y(x) = -3*x**3 + 47*x**2 - 50*x + 22. Let p(t) = 17*i(t) + 6*y(t). Calculate p(z).
-5
Let p be 5/(4 + 9/(-6)). Suppose -a = -p*r + 3*r - 3, 4*a - 24 = 2*r. Let i be 15/(-6) - a/(-10). Let m(s) = 3*s + 2. Give m(i).
-4
Let p be (-11 + (-427)/(-35))/((-1)/(-20)). Let b(q) = -10 + 11*q + p - 15. Calculate b(-2).
-23
Let a(u) = -4*u**2 + 297*u - 607. Let j(d) = d**2 - 77*d + 152. Let l(m) = -4*a(m) - 15*j(m). Calculate l(28).
8
Let z(i) = i**2 - 10 - 13 + 36 - 4 + i. Let q be z(-5). Let y(s) = q*s + 24*s + s**2 - 52*s. Determine y(1).
2
Let k(a) be the first derivative of a**3/3 - 5*a**2/2 - 1509. Determine k(7).
14
Let j(u) = -u + 3. Let y(b) = 0*b**2 - 35*b + 3*b**3 + 38*b - 9 - b**3 - 9*b**2. Let c be y(4). Determine j(c).
16
Let y(v) = -39 + 13 - 17*v - v - 30. Let w be y(-3). Let a(u) = -u**3 - 4*u**2 - 2*u + 2. Give a(w).
-2
Let y be (-6)/(6/1) + (-2)/(16/(-40)). Let j(w) = 1 + 5*w**2 + 5*w**3 - 4*w - 6*w**3 - 2 + 0*w**2. Give j(y).
-1
Let b(x) = 8*x**3 - 5*x**2 - 11*x - 8. Let p(k) = 11*k**3 - 4*k**2 - 12*k - 10. Let i(r) = -4*b(r) + 3*p(r). Calculate i(-7).
-5
Let i(y) = -y**3 - 36*y**2 - 30*y + 160. Let o be i(-35). Let v(q) = 7*q + 90. What is v(o)?
-15
Let i(x) = x**2 - 2*x - 3. Suppose 0 = -2*f - 10 + 16. Suppose -f*h - 24 = -5*h. Let r be (36/h + -2*1)*-2. What is i(r)?
5
Let m(s) = -67*s**2 - 8 - 9 + s + 27 - 9 - 4*s**2. What is m(-1)?
-71
Suppose 2*o = -5*s + 38, -11*s + 15*s = -3*o + 36. Let a(c) = 2*c**2 + 2*c - s + 3*c**2 + 4 + 0 - 4*c**2. Calculate a(2).
6
Let b(f) = 6*f - 26. Let r(u) = -7*u + 31. Let k(a) = -6*b(a) - 5*r(a). Let v = -8 - -6. Let z(o) = 5*o + 5. Let d(h) = v*k(h) - z(h). Determine d(-5).
8
Let g(f) = f**